e l(-6). Suppose -i*f + 32 = 4*p, -f + 2*p = 4*p - 14. Give h(f).
-13
Let d = 121 + -113. Suppose 0 = -d*j - 5 + 5. Let v(u) = u**3 - u**2 - u - 11. Give v(j).
-11
Let f be (-20)/(-15)*-15*3/(-60). Let c(o) = -37*o**2 - o + 2. Calculate c(f).
-36
Let c(g) be the third derivative of 0*g - 1/12*g**4 + 7/6*g**3 + 0 - g**2. Let v be (-510)/136*3/(27/(-12)). Determine c(v).
-3
Suppose -5*v - 4 = -6*v. Let i = v + -8. Let n(h) be the second derivative of -h**5/20 - h**4/4 + h**3/3 - 3*h**2/2 + 4*h. What is n(i)?
5
Let f be (2/(-4))/(3/(-12)). Let m(g) = 42848 - 2*g - 42849 + g + 2*g. Let j(s) = -s**2 - 4*s. Let w(y) = f*m(y) - j(y). Calculate w(-3).
-11
Suppose 2*g - 2 = 3*g + 5*a, 5*a - 40 = 5*g. Let k be g + 5 + -4 + 7 + -6. Let u(c) = 2*c + 7 + c - c. Determine u(k).
-3
Let n(l) be the third derivative of -l**4/2 - l**3 + 573*l**2. Calculate n(-1).
6
Let t(c) = c**3 + 3*c**2 - 9*c - 19. Let i = 5003 + -5006. Give t(i).
8
Let h(n) = n**3 - 12*n**2 + 2*n - 22. Let u(g) = g**2 + g + 2. Let d(m) = h(m) + 4*u(m). Give d(9).
121
Let u(o) = -o**3 + o**2 - 2*o - 5. Let x be u(0). Let t(a) = a**3 + 4*a**2 + 5*a + 11. Determine t(x).
-39
Let s(u) = 8*u. Suppose 0*d = -16*d - 4*d. Suppose -k = -d + 1. Calculate s(k).
-8
Let v(y) = -3*y**3 + 8 + 0*y**3 + y**3 + 11 + y**2 + 8. What is v(0)?
27
Let i(r) = -47*r - 121. Let g(u) = 21*u + 52. Let q(m) = 7*g(m) + 3*i(m). Determine q(5).
31
Let c(a) = a**3 + 7*a**2 - a - 1. Let b = -59 - -63. Let k(s) = -s**3 - 5*s**2 - 7*s. Let i be k(-3). Suppose -b*t = -3*g - 7 + 32, i*g = -3. Determine c(t).
6
Suppose -13*q + 1 = 27. Let d be -9 + 11 + (40/5)/q. Let a(t) = -t**2 - t + 2 + 3*t - 3*t. What is a(d)?
0
Let l = -10058 + 10058. Let p(k) = -2*k + 35. What is p(l)?
35
Let v(l) = -16*l**2 + 2*l - 5. Let z(h) = -6*h - 9*h**2 + 0 + 7*h - 9 + 6. Let o(s) = -3*v(s) + 5*z(s). Calculate o(-2).
14
Let n(k) = -12*k**3 - 1247*k - 2*k**2 + 1245*k + 3*k**3. What is n(-2)?
68
Let x(q) = -5*q + 2. Suppose 0*m - m + 5*f = -6, 3*m - 2*f - 5 = 0. Let z(c) = m + 5 - 1 + c. Let a be z(0). Determine x(a).
-23
Let c(b) = 3*b**2 - b + 5. Let j be (-5 + 11)*(-1 - 1*1/(-2)). Calculate c(j).
35
Let s(f) = f - 6. Let b be (3/2)/(5/(240/18)). Suppose 4*c - 4 - b = 0. Suppose 5*k = c*r - 3*r + 44, 20 = 2*k - 2*r. Give s(k).
3
Let j(q) = -2*q - 9. Let s = -31 + 38. Let u be 1/(-1)*(-12 + s + 12). What is j(u)?
5
Let x(d) = 3 - d**2 - 5 - 5. Let n be (-1 + 16)*(6 + (-17)/3). Suppose n*p + 9*p = 13*p. Give x(p).
-7
Let x(r) be the first derivative of -159 - 3/2*r**2 + 2*r - 1/3*r**3. Calculate x(-5).
-8
Suppose -15*r = -12*r - 6. Let x be 0/(-6) + 12/(1 + r). Suppose 8*j = x*j + 16, -4 = -3*w + 2*j. Let d(g) = -g**3 + 4*g**2 + g - 2. Give d(w).
2
Let t(b) = -1 + 2 + 3*b - 5*b - 7*b. Let k(z) = -z**3 + 4*z**2 - z + 7. Let r be k(4). Give t(r).
-26
Let y = 4 - 2. Let q(b) = -3 + 5*b + b**y - 2 - 3 + b. Suppose -17*g - 83 - 36 = 0. Calculate q(g).
-1
Let d(u) = -2844*u + 5668*u + 58 + u**2 - 2853*u. Give d(27).
4
Let d(j) = 95 - 29 - 19 - 22 + 7*j**2 - 14 - 25*j. Give d(3).
-1
Let r(i) = -8 - 19*i**2 + i**3 - 9*i**2 - 12845*i + 25717*i - 12850*i. Determine r(27).
-143
Let o(h) = -5*h**3 + 360*h**2 - 16*h + 328. Let n(d) = 2*d**3 - 120*d**2 + 6*d - 109. Let y(k) = 11*n(k) + 4*o(k). What is y(-60)?
-7
Let j(x) = x**2 - 2*x + 4. Suppose -5 = 4*a - 5*z, -a - 2*a + 5*z = 0. Let l be ((48/a)/(-1))/(1/(-5)). Let c = -44 - l. Determine j(c).
12
Suppose -2*r - 24 = -6*r. Let d = 1 + r. Let s(w) be the second derivative of -w**4/12 + 7*w**3/6 + w**2/2 + 12238*w. Give s(d).
1
Let m(v) be the second derivative of -v**4/12 + 4*v**3/3 + 6*v**2 - 20*v. Let b be (228/152)/((-1)/(-6)). Give m(b).
3
Suppose -2*b - 5*c = -4*c - 27, -2*b + 12 = 4*c. Suppose b = -6*z - 2*z. Let g(h) = -2*h - 2. What is g(z)?
2
Let f(u) be the third derivative of -1/12*u**4 + 0*u - 7*u**2 + 7/6*u**3 - 3/20*u**5 + 1 + 1/120*u**6. Give f(9).
-11
Suppose -5*b = 4*g - 5, -2*g = -b - 0 + 15. Let o(m) = 3*m**2 + 12*m - 15. Let a(l) = l**2 + 4*l - 5. Let y(w) = -11*a(w) + 4*o(w). Determine y(g).
0
Suppose -5*g - f - 5 = 0, 2*g + 18 = -4*f - 2. Let m = -560 - -563. Let y(b) = -b + 19 - b**2 + 509*b**3 - 510*b**m - 8. What is y(g)?
11
Suppose -47*g = -45*g - 10. Let s(v) = v**2 + 3 + 3*v + 5*v**2 - 2*v + v**3 + g*v. What is s(-5)?
-2
Let v = 50 - 22. Let m = -27 + v. Let k(t) be the second derivative of -t**5/4 - 3*t + 13. Determine k(m).
-5
Let n(y) = -2*y**3 + 23*y**2 - 2*y + 9. Let s = 26719 + -26708. What is n(s)?
108
Let x(z) = 2*z + 25. Let k(t) = -2*t - 26. Let d(w) = 3*k(w) + 4*x(w). Suppose -17*a = 810*a - 860 + 7476. Determine d(a).
6
Let q(r) = -6 + 188*r**2 - 3*r + 2*r - 190*r**2. Calculate q(-3).
-21
Let g be 3*(-5 + 12 + (-75)/9). Let t(s) = -s**2 - 4*s - 12. Calculate t(g).
-12
Suppose 18 = 4*p - 10 - 0. Let i(f) = f**2 + 5*f - 15. What is i(p)?
69
Suppose 0 = 4*h - 16, -h + 1006 = -5*j + 977. Let u(x) = -2*x**3 - 11*x**2 - 14*x - 14. Determine u(j).
31
Let z(y) = -y + 4*y**2 + 5*y**3 - 3*y**3 - 3*y**2 - 1. Let c be (471/(-18)*-2 + 5)*-3. Let f = c - -171. Give z(f).
-1
Let v(l) = 3*l - 11. Let i be v(4). Let y(b) = i + 0 + 0 - b. Let p(j) = j**2 - 7*j + 8. Let k(g) = 2*p(g) - 14*y(g). Determine k(2).
10
Suppose -j + 6*c = 4*c, -5*j - 4*c = -70. Let y be (-1)/2*4 + j/1. Let p(d) = -d - 5. What is p(y)?
-13
Let w(c) = -c**3 + 8*c**2 + 9*c + 2. Let t(o) = o**2 - 7. Let i be t(-4). Let n be w(i). Let k(z) = -6*z - z + 2 - 8*z**n - 12 + 4 - z**3. Determine k(-7).
-6
Let n(x) = -x**3 + 11*x**2 - 33*x + 21. Suppose 85*f - 77 - 221 = 212. Calculate n(f).
3
Let u(g) = 21*g**2 - 5*g + 16. Let t be u(1). Let n(y) be the second derivative of -t*y - 1/2*y**3 + 2*y**2 - 1/4*y**4 + 0 + 1/20*y**5. What is n(4)?
8
Let z(l) = -l**3 + 4*l**2 + 13*l - 3. Let p = -80 + 86. Let a be z(p). Let r(x) = -2*x. Let h(k) = 11*k - 2. Let f(d) = -h(d) - 2*r(d). Determine f(a).
-19
Suppose -13 = 4*l - 1. Let k(b) = -2*b**2 + b. Let m(f) = -f**3 - 11*f**2 + 2*f + 1. Let n(j) = -4*k(j) + m(j). What is n(l)?
7
Let i(t) = -74*t**2 - 745*t - 42. Let l be i(-10). Let f(q) = 12 - 7*q + 4*q + 0*q - q. Give f(l).
-20
Suppose 0*v = -4*v + c + 3, 0 = 2*c + 6. Let z(x) = 461*x - 1. Let w(h) = -1460*h + 4. Let n(a) = -6*w(a) - 19*z(a). Calculate n(v).
-5
Let b be (-1 - 4)*((-3)/(-5) - 0). Let g(r) = r - 2. Let j(l) = -1. Let c(i) = b*j(i) + 2*g(i). Let m(u) = u**2 - 4*u - 4. Let z be m(4). What is c(z)?
-9
Suppose -81*g + 77*g = 5*v + 85, -3*v = -2*g + 51. Let s(m) = -m**3 - 17*m**2 - 4*m - 30. Give s(v).
38
Suppose 1 = 11*a + 45. Let q be ((-54)/45)/(a/250). Let t(c) = 8*c**2 + c**3 - 3*c**2 + q - 69 + 6*c. Calculate t(-4).
-2
Suppose -6*n + 64 = 2*n. Let f(u) = n*u - 2 + 2 - u - u**2 + 5. Give f(7).
5
Let r be (-2)/(-2) + (4 - 6). Let k be -1 + 4 - r - 5. Let u(w) = 11*w**2 - w - 1. What is u(k)?
11
Suppose -3*u = -4*u + 5. Let f(n) = 373 - 380 + u*n - 4*n. Determine f(-7).
-14
Let s(f) = -f**3 + 9*f**2 - 8*f - 1. Let t(h) = -16*h + 132. Let g be t(8). Suppose 8*q = g*c + 3*q - 37, 0 = -c - 2*q + 6. What is s(c)?
-1
Let j(d) = 2*d**2 - 7*d - 17. Let r = 1668 + -1663. What is j(r)?
-2
Let t(a) = -a - 3*a + 30 - 5*a. Let b be t(5). Let k = -14 - b. Let p(x) = 4*x**3 - 2*x**2 + 2*x - 1. Determine p(k).
3
Let t(s) = 23*s**2 - s. Suppose 5*q + 2*u - 108 = 2, 5*q - 110 = -3*u. Suppose 50 = q*a + 72. Give t(a).
24
Let r be (999/(-888))/((-3)/(-24)). Let b(i) = -3*i + 1. Let g(j) = -j. Let a(s) = -b(s) + 6*g(s). What is a(r)?
26
Let d(k) = k**2 - k - 15. Let p be 10 - -2 - -4*(-20)/16. Calculate d(p).
27
Suppose -5*y = -3*x - 5, -2*y + 10*x = 7*x - 11. Let d(m) = 19*m**2 - 21*m**2 + 5*m**3 - 1 + 3 - 3*m**3 - m. Give d(y).
-20
Let k(s) = 3*s**2 + 11. Suppose -6 = 19*b - 20*b. Let q(u) = 3*u**2 - 8 + 4 + 2*u**2 - b*u**2. Let v(w) = 6*k(w) + 17*q(w). Determine v(-2).
2
Let u(k) = k**3 + 11*k**2 + 14*k - 26. Let y(t) = 68*t - 77. Let o be y(1). What is u(o)?
10
Let h = 73 - 71. Let l(v) = 234 + 247 - 5*v - 2*v + v**h - 475. Give l(8).
14
Let a(m) be the third derivative of -1/8*m**4 + 8 - 2*m**2 + 0*m - 1/120*m**6 + 1/3*m**3 + 0*m**5. Determine a(2).
-12
Let u(g) = 2*g**2 + 821 - g**3 - g - 389 - 381. Give u(0).
51
Let n(t) be the second derivative of 0 + t**2 - 9*t - 1/20*t**5 + 1/3*t**3 + 0*t**4. Let b(j) = -j**3 + j**2 + 2. Let x